{"id":12609,"date":"2023-03-24T10:27:26","date_gmt":"2023-03-24T10:27:26","guid":{"rendered":"https:\/\/tiendamaquetas.com\/index.php\/producto\/honda-pons-nsr500-01\/"},"modified":"2023-06-30T23:46:08","modified_gmt":"2023-06-30T23:46:08","slug":"honda-pons-nsr500-01","status":"publish","type":"product","link":"https:\/\/tiendamaquetas.com\/index.php\/producto\/honda-pons-nsr500-01\/","title":{"rendered":"Maqueta Tamiya Honda Pons NSR500 &#8217;01"},"content":{"rendered":"\t\t<div data-elementor-type=\"wp-post\" data-elementor-id=\"12609\" class=\"elementor elementor-12609\">\n\t\t\t\t\t\t<section class=\"elementor-section elementor-top-section elementor-element elementor-element-4d71b080 elementor-section-boxed elementor-section-height-default elementor-section-height-default\" data-id=\"4d71b080\" data-element_type=\"section\" data-e-type=\"section\">\n\t\t\t\t\t\t<div class=\"elementor-container elementor-column-gap-default\">\n\t\t\t\t\t<div class=\"elementor-column elementor-col-100 elementor-top-column elementor-element elementor-element-30a75882\" data-id=\"30a75882\" data-element_type=\"column\" data-e-type=\"column\">\n\t\t\t<div class=\"elementor-widget-wrap elementor-element-populated\">\n\t\t\t\t\t\t<div class=\"elementor-element elementor-element-3a8b90a8 elementor-widget elementor-widget-text-editor\" data-id=\"3a8b90a8\" data-element_type=\"widget\" data-e-type=\"widget\" data-widget_type=\"text-editor.default\">\n\t\t\t\t<div class=\"elementor-widget-container\">\n\t\t\t\t\t\t\t\t\tMaqueta Fabricante Tamiya Ref.14087 Honda Pons NSR500 &#8217;01 escala 1\/12\t\t\t\t\t\t\t\t<\/div>\n\t\t\t\t<\/div>\n\t\t\t\t\t<\/div>\n\t\t<\/div>\n\t\t\t\t\t<\/div>\n\t\t<\/section>\n\t\t\t\t<section class=\"elementor-section elementor-top-section elementor-element elementor-element-8b4a43c elementor-section-boxed elementor-section-height-default elementor-section-height-default\" data-id=\"8b4a43c\" data-element_type=\"section\" data-e-type=\"section\">\n\t\t\t\t\t\t<div class=\"elementor-container elementor-column-gap-default\">\n\t\t\t\t\t<div class=\"elementor-column elementor-col-100 elementor-top-column elementor-element elementor-element-43a781f\" data-id=\"43a781f\" data-element_type=\"column\" data-e-type=\"column\">\n\t\t\t<div class=\"elementor-widget-wrap elementor-element-populated\">\n\t\t\t\t\t\t<div class=\"elementor-element elementor-element-aa40f13 elementor-widget elementor-widget-heading\" data-id=\"aa40f13\" data-element_type=\"widget\" data-e-type=\"widget\" data-widget_type=\"heading.default\">\n\t\t\t\t<div class=\"elementor-widget-container\">\n\t\t\t\t\t<h2 class=\"elementor-heading-title elementor-size-default\"><h1 style=\"font-size: 2rem;font-style: normal;font-weight: 400;white-space: normal\">Honda Pons NSR500 \u201901<\/h1><\/h2>\t\t\t\t<\/div>\n\t\t\t\t<\/div>\n\t\t\t\t<div class=\"elementor-element elementor-element-f2ec5c2 elementor-widget elementor-widget-image\" data-id=\"f2ec5c2\" data-element_type=\"widget\" data-e-type=\"widget\" data-widget_type=\"image.default\">\n\t\t\t\t<div class=\"elementor-widget-container\">\n\t\t\t\t\t\t\t\t\t\t\t\t\t\t\t<img fetchpriority=\"high\" decoding=\"async\" width=\"1024\" height=\"768\" src=\"https:\/\/tiendamaquetas.com\/wp-content\/uploads\/2023\/03\/Honda-Pons-NSR500-01-1024x768.jpg\" class=\"attachment-large size-large wp-image-12956\" alt=\"\" srcset=\"https:\/\/tiendamaquetas.com\/wp-content\/uploads\/2023\/03\/Honda-Pons-NSR500-01-1024x768.jpg 1024w, https:\/\/tiendamaquetas.com\/wp-content\/uploads\/2023\/03\/Honda-Pons-NSR500-01-300x225.jpg 300w, https:\/\/tiendamaquetas.com\/wp-content\/uploads\/2023\/03\/Honda-Pons-NSR500-01-768x576.jpg 768w, https:\/\/tiendamaquetas.com\/wp-content\/uploads\/2023\/03\/Honda-Pons-NSR500-01-600x450.jpg 600w, https:\/\/tiendamaquetas.com\/wp-content\/uploads\/2023\/03\/Honda-Pons-NSR500-01.jpg 1200w\" sizes=\"(max-width: 1024px) 100vw, 1024px\" \/>\t\t\t\t\t\t\t\t\t\t\t\t\t\t\t<\/div>\n\t\t\t\t<\/div>\n\t\t\t\t<div class=\"elementor-element elementor-element-b49722f elementor-widget elementor-widget-text-editor\" data-id=\"b49722f\" data-element_type=\"widget\" data-e-type=\"widget\" data-widget_type=\"text-editor.default\">\n\t\t\t\t<div class=\"elementor-widget-container\">\n\t\t\t\t\t\t\t\t\t<p>La Honda Pons NSR500 &#8217;01 es una motocicleta legendaria en el mundo de las carreras de motos. Introducida en el a\u00f1o 2001, esta m\u00e1quina de competici\u00f3n se destac\u00f3 por su potencia y rendimiento excepcionales. Equipada con un motor de dos tiempos de 500 cc, la NSR500 &#8217;01 ofrec\u00eda una incre\u00edble aceleraci\u00f3n y velocidad en las pistas. Fue pilotada por talentosos corredores como Loris Capirossi y Alex Barros en la temporada 2001 del Campeonato del Mundo de MotoGP. La Honda Pons NSR500 &#8217;01 dej\u00f3 una marca indeleble en la historia de las carreras de motocicletas y sigue siendo recordada como una de las motos m\u00e1s emblem\u00e1ticas de su \u00e9poca.<\/p>\t\t\t\t\t\t\t\t<\/div>\n\t\t\t\t<\/div>\n\t\t\t\t\t<\/div>\n\t\t<\/div>\n\t\t\t\t\t<\/div>\n\t\t<\/section>\n\t\t\t\t<\/div>\n\t\t","protected":false},"excerpt":{"rendered":"<p>Tamiya Ref.14087 Honda Pons NSR500 &#8217;01 1\/12<\/p>\n","protected":false},"featured_media":12692,"template":"","meta":{"site-sidebar-layout":"default","site-content-layout":"default","ast-site-content-layout":"default","site-content-style":"default","site-sidebar-style":"default","ast-global-header-display":"","ast-banner-title-visibility":"","ast-main-header-display":"","ast-hfb-above-header-display":"","ast-hfb-below-header-display":"","ast-hfb-mobile-header-display":"","site-post-title":"","ast-breadcrumbs-content":"","ast-featured-img":"","footer-sml-layout":"","ast-disable-related-posts":"","theme-transparent-header-meta":"default","adv-header-id-meta":"","stick-header-meta":"","header-above-stick-meta":"","header-main-stick-meta":"","header-below-stick-meta":"","astra-migrate-meta-layouts":"default","ast-page-background-enabled":"default","ast-page-background-meta":{"desktop":{"background-color":"","background-image":"","background-repeat":"repeat","background-position":"center center","background-size":"auto","background-attachment":"scroll","background-type":"","background-media":"","overlay-type":"","overlay-color":"","overlay-opacity":"","overlay-gradient":""},"tablet":{"background-color":"","background-image":"","background-repeat":"repeat","background-position":"center center","background-size":"auto","background-attachment":"scroll","background-type":"","background-media":"","overlay-type":"","overlay-color":"","overlay-opacity":"","overlay-gradient":""},"mobile":{"background-color":"","background-image":"","background-repeat":"repeat","background-position":"center center","background-size":"auto","background-attachment":"scroll","background-type":"","background-media":"","overlay-type":"","overlay-color":"","overlay-opacity":"","overlay-gradient":""}},"ast-content-background-meta":{"desktop":{"background-color":"var(--ast-global-color-5)","background-image":"","background-repeat":"repeat","background-position":"center center","background-size":"auto","background-attachment":"scroll","background-type":"","background-media":"","overlay-type":"","overlay-color":"","overlay-opacity":"","overlay-gradient":""},"tablet":{"background-color":"var(--ast-global-color-5)","background-image":"","background-repeat":"repeat","background-position":"center center","background-size":"auto","background-attachment":"scroll","background-type":"","background-media":"","overlay-type":"","overlay-color":"","overlay-opacity":"","overlay-gradient":""},"mobile":{"background-color":"var(--ast-global-color-5)","background-image":"","background-repeat":"repeat","background-position":"center center","background-size":"auto","background-attachment":"scroll","background-type":"","background-media":"","overlay-type":"","overlay-color":"","overlay-opacity":"","overlay-gradient":""}},"_joinchat":[]},"pwb-brand":[102],"product_brand":[],"product_cat":[115,113,120,121,114],"product_tag":[771,887,122],"class_list":{"0":"post-12609","1":"product","2":"type-product","3":"status-publish","4":"has-post-thumbnail","6":"pwb-brand-tamiya","7":"product_cat-circuito","8":"product_cat-maquetas","9":"product_cat-motos-circuito","10":"product_cat-motos-circuito-1-12","11":"product_cat-sport","12":"product_tag-honda","13":"product_tag-moto-gp","14":"product_tag-motos","15":"desktop-align-left","16":"tablet-align-left","17":"mobile-align-left","19":"first","20":"instock","21":"taxable","22":"shipping-taxable","23":"purchasable","24":"product-type-simple"},"brands":[{"id":102,"name":"Tamiya","slug":"tamiya"}],"_links":{"self":[{"href":"https:\/\/tiendamaquetas.com\/index.php\/wp-json\/wp\/v2\/product\/12609","targetHints":{"allow":["GET"]}}],"collection":[{"href":"https:\/\/tiendamaquetas.com\/index.php\/wp-json\/wp\/v2\/product"}],"about":[{"href":"https:\/\/tiendamaquetas.com\/index.php\/wp-json\/wp\/v2\/types\/product"}],"version-history":[{"count":6,"href":"https:\/\/tiendamaquetas.com\/index.php\/wp-json\/wp\/v2\/product\/12609\/revisions"}],"predecessor-version":[{"id":17566,"href":"https:\/\/tiendamaquetas.com\/index.php\/wp-json\/wp\/v2\/product\/12609\/revisions\/17566"}],"wp:featuredmedia":[{"embeddable":true,"href":"https:\/\/tiendamaquetas.com\/index.php\/wp-json\/wp\/v2\/media\/12692"}],"wp:attachment":[{"href":"https:\/\/tiendamaquetas.com\/index.php\/wp-json\/wp\/v2\/media?parent=12609"}],"wp:term":[{"taxonomy":"pwb-brand","embeddable":true,"href":"https:\/\/tiendamaquetas.com\/index.php\/wp-json\/wp\/v2\/pwb-brand?post=12609"},{"taxonomy":"product_brand","embeddable":true,"href":"https:\/\/tiendamaquetas.com\/index.php\/wp-json\/wp\/v2\/product_brand?post=12609"},{"taxonomy":"product_cat","embeddable":true,"href":"https:\/\/tiendamaquetas.com\/index.php\/wp-json\/wp\/v2\/product_cat?post=12609"},{"taxonomy":"product_tag","embeddable":true,"href":"https:\/\/tiendamaquetas.com\/index.php\/wp-json\/wp\/v2\/product_tag?post=12609"}],"curies":[{"name":"wp","href":"https:\/\/api.w.org\/{rel}","templated":true}]}}